17).
-5
Let p(b) = 18*b - 466. Determine p(26).
2
Let f(l) = 19*l + 63. What is f(-4)?
-13
Let x(a) = -a**2 + 8*a. Calculate x(7).
7
Let y(q) = -q - 3. Determine y(-9).
6
Let s(f) = f**3 + 10*f**2 + 5*f + 1. Determine s(-4).
77
Let n(z) = -z**3 - 9*z**2 + 7*z - 1. What is n(-10)?
29
Let j(v) = -9*v**2 + 3*v - 3. Determine j(-3).
-93
Let h(r) = 10*r - 23. Determine h(3).
7
Let u(o) = -13*o + 279. Give u(22).
-7
Let j(c) = -61*c - 8. Give j(-1).
53
Let t(i) = -2*i**3. Calculate t(-1).
2
Let p(c) = -c + 15. Calculate p(8).
7
Let a(s) = -6*s + 358. Calculate a(60).
-2
Let d(j) = j**3 - 14*j**2 + 5. Give d(14).
5
Let p(i) = 9*i + 52. What is p(-17)?
-101
Let w(f) = f + 22. What is w(-14)?
8
Let u(o) = o**2 - 2*o - 15. Calculate u(-4).
9
Let f(b) = -b**3 + 5*b**2 + 13*b - 19. Determine f(7).
-26
Let l(o) = o**2 - 2*o - 8. Calculate l(0).
-8
Let k(n) = n**3 - 6*n**2 + 2*n - 6. Calculate k(6).
6
Let g(p) = p**3 + 4*p**2 + p + 5. What is g(-4)?
1
Let a(b) = -6*b - 115. Determine a(-18).
-7
Let z(t) = 2*t - 8. Calculate z(4).
0
Let v(a) = -a**3 + 8*a**2 + a - 9. What is v(8)?
-1
Let h(q) = 2*q**2 + 17*q. What is h(-8)?
-8
Let l(q) = -q + 12. Give l(0).
12
Let j(k) = k**3 - 5*k**2 - 10*k + 10. What is j(6)?
-14
Let q(a) = 3*a + 2. Calculate q(-7).
-19
Let d(o) = o**2 + 5*o - 11. Determine d(-5).
-11
Let i(t) = t**2 - 12*t - 75. Calculate i(18).
33
Let n(l) = 4*l + 11. Give n(-4).
-5
Let b(r) = r**3 + 4*r**2 - 5*r + 12. Give b(-5).
12
Let s(a) = a**3 + 3*a**2 - 9*a - 24. Calculate s(-4).
-4
Let k(h) = -3*h**3 - h**2 - 4*h - 8. Determine k(-4).
184
Let s(u) = -26*u + 53. Determine s(2).
1
Let d(f) = 2*f**2 - f - 23. Calculate d(4).
5
Let m(i) = -5*i**3 + 4*i**2 + 5*i. What is m(3)?
-84
Let h(y) = -y**3 + 3*y**2 - 10*y + 50. Calculate h(4).
-6
Let s(w) = w**2 + 30*w + 64. What is s(-28)?
8
Let k(c) = c**3 + 29*c**2 - 103*c - 219. Calculate k(-32).
5
Let p(r) = -r**2 - 11*r - 13. Calculate p(-6).
17
Let h(u) = 14*u + 22. What is h(-2)?
-6
Let b(h) = h**2 + 14*h - 29. Determine b(-20).
91
Let r(l) = 17*l + 9. Give r(-14).
-229
Let d(s) = -6*s - 57. Calculate d(-7).
-15
Let o(w) = 16*w - 46. Give o(3).
2
Let u(x) = 5*x + 197. What is u(-38)?
7
Let o(n) = -n**2 - 9*n + 6. What is o(-8)?
14
Let m(y) = y**3 + 10*y**2 - 17*y - 12. Determine m(-11).
54
Let r(i) = i**3 - 2*i**2 - 7*i + 17. Calculate r(3).
5
Let y(r) = 3*r**2 + 3*r + 3. Give y(-1).
3
Let d(n) = 12*n - 22. Calculate d(4).
26
Let j(x) = 6*x**2 - x - 1. Determine j(2).
21
Let g(j) = 36*j + 3242. Calculate g(-90).
2
Let r(t) = -2*t + 3. Determine r(5).
-7
Let d(m) = m - 2. Give d(7).
5
Let k(d) = -d**2 + 10*d - 44. Determine k(12).
-68
Let p(t) = t**3 - 6*t**2 + 6*t + 5. What is p(4)?
-3
Let h(z) = 13*z**2 + 3*z - 4. Determine h(-3).
104
Let w(b) = b - 15. Determine w(12).
-3
Let d(o) = -o**2 + 11*o - 28. What is d(10)?
-18
Let t(d) = -d + 13. Calculate t(0).
13
Let d(f) = -3*f**2 + 33*f - 33. Determine d(14).
-159
Let k(q) = q**2 - 12*q + 22. Determine k(10).
2
Let a(u) = 2*u**2 - 14*u - 6. Calculate a(5).
-26
Let d(c) = 3*c**2 + 9*c - 3. Determine d(-3).
-3
Let p(y) = y**3 + 6*y**2 + y + 3. Calculate p(-6).
-3
Let z(s) = 23*s + 284. Determine z(-12).
8
Let r(v) = 2*v - 1. Give r(3).
5
Let a(y) = -y**3 - 6*y**2 + y - 9. Determine a(-3).
-39
Let s(y) = -y**3 + 17*y**2 + 60*y + 7. Give s(20).
7
Let o(b) = 2*b**3 - 14*b**2 - 11*b - 2. Determine o(8).
38
Let z(t) = 2*t**3 - 45*t**2 - 24*t + 29. What is z(23)?
6
Let q(y) = 4*y**2 - 2*y - 1. Give q(-1).
5
Let q(p) = -13*p - 1. What is q(6)?
-79
Let u(a) = a**3 + 4*a**2 + 12*a + 40. What is u(-4)?
-8
Let q(a) = 2*a**3 + 36*a**2 - a - 14. Determine q(-18).
4
Let n(x) = 18*x**3. Calculate n(-1).
-18
Let o(g) = 4*g + 32. Determine o(-8).
0
Let a(g) = -g**2 + 9*g - 11. Give a(5).
9
Let h(t) = 14*t**2 - 4*t + 9. Give h(2).
57
Let s(j) = -j**2 + 6*j + 3. Determine s(6).
3
Let h(m) = -m**3 + 3*m**2 + 5*m + 6. Determine h(4).
10
Let q(o) = 86*o - 95. Give q(1).
-9
Let k(c) = -5*c + 57. Determine k(9).
12
Let d(a) = a + 10. Determine d(-8).
2
Let h(g) = 2*g**3 + 7*g**2 - 10*g - 10. What is h(-4)?
14
Let f(v) = v + 1. Determine f(4).
5
Let l(m) = m**3 + 27*m**2 + 70*m - 51. Calculate l(-24).
-3
Let y(b) = -b**2 + 9*b + 5. What is y(9)?
5
Let o(x) = 5*x**2 - 25*x + 2. Give o(5).
2
Let l(s) = s - 9. Determine l(0).
-9
Let f(i) = -i**2 + 3*i - 2. Calculate f(3).
-2
Let x(z) = -4*z - 20. Calculate x(-5).
0
Let m(u) = u**3 - 2*u**2 + 2*u - 53. Give m(0).
-53
Let b(w) = w**3 - 7*w**2 + 8*w - 6. What is b(6)?
6
Let t(h) = -h**3 - 12*h**2 - 3*h - 9. Calculate t(-12).
27
Let z(k) = -35*k + 282. Give z(8).
2
Let u(t) = t**3 + 5*t**2 - 7*t. Calculate u(-6).
6
Let b(m) = -m**3 + 10*m**2 - 5*m + 5. Determine b(8).
93
Let n(c) = c**3 + 7*c**2 - 9*c + 25. Determine n(-9).
-56
Let u(s) = -3*s**3 - 30*s**2 + 3*s + 40. Give u(-10).
10
Let w(a) = -2*a**2 + 28*a - 31. What is w(13)?
-5
Let r(q) = -3*q**2 + 32*q + 23. Give r(12).
-25
Let w(d) = 2*d + 9. Calculate w(-6).
-3
Let i(d) = 3*d**2 + 19*d - 21. Calculate i(-7).
-7
Let p(n) = -72*n - 881. Calculate p(-12).
-17
Let h(k) = -k**3 + 3*k**2 - 4*k + 6. Give h(3).
-6
Let i(k) = 52*k - 18. Determine i(1).
34
Let s(b) = 4*b + 23. What is s(-4)?
7
Let k(y) = -y**2 - 27*y - 50. Calculate k(-29).
-108
Let t(c) = c**2 - 21*c + 34. Determine t(18).
-20
Let p(n) = 6*n**3 + 2*n**2 + 2*n + 1. Give p(-1).
-5
Let i(g) = -g**2 - 9*g - 2. Calculate i(-8).
6
Let w(v) = v**3 - 10*v**2 + 16*v + 6. Determine w(8).
6
Let s(f) = 48*f**2 + 3*f - 3. Calculate s(1).
48
Let h(o) = -10*o - 1. Determine h(-3).
29
Let k(t) = 41*t + 92. Determine k(-6).
-154
Let p(d) = -d**3 + 2*d**2 + 4*d - 5. Give p(4).
-21
Let v(g) = 66*g - 177. Give v(3).
21
Let i(t) = 8*t**3 + 3*t**2 + 7*t + 5. Determine i(-1).
-7
Let h(t) = t**2 + 20*t - 21. Give h(-21).
0
Let j(r) = -r**3 - 10*r**2 - 23*r - 11. Determine j(-7).
3
Let d(s) = -s**2 + 9*s - 10. Calculate d(8).
-2
Let l(h) = h**3 + 2*h**2 - h - 14. Calculate l(0).
-14
Let d(a) = a**2 + 6*a + 8. Determine d(-10).
48
Let t(b) = -b**3 - 2*b**2 - 6*b - 6. What is t(-2)?
6
Let f(c) = -2*c**2 - 15*c - 6. Determine f(-7).
1
Let r(p) = -p - 21. Determine r(-10).
-11
Let m(p) = -p**2 - 9*p + 17. Determine m(-10).
7
Let h(a) = a**3 - 15*a**2 + 12*a + 20. Give h(14).
-8
Let f(j) = 8*j + 51. Give f(16).
179
Let v(p) = -p**2 + 23*p + 50. Give v(25).
0
Let v(n) = -n**2 - 6*n + 14. Calculate v(0).
14
Let r(l) = -57*l - 448. What is r(-8)?
8
Let g(l) = 3*l - 11. Calculate g(5).
4
Let v(r) = r**3 - 3*r**2 - 7*r + 6. Calculate v(4).
-6
Let r(d) = -d**2 - 14. Give r(0).
-14
Let x(v) = 5*v - 14. Determine x(5).
11
Let c(j) = -j**2 - 12*j + 17. What is c(-13)?
4
Let y(g) = 8*g**2. Determine y(-1).
8
Let v(f) = -2*f + 10. Determine v(6).
-2
Let l(g) = -g**2 - 37*g + 7. Calculate l(-31).
193
Let z(q) = -q**3 + 5*q**2 + 66*q + 3. Calculate z(11).
3
Let f(g) = -4*g - 1. Give f(-9).
35
Let j(c) = c**3 - 10*c**2 + 5*c - 2. Give j(9).
-38
Let n(h) = -h**2 - 6. Determine n(0).
-6
Let h(k) = -11*k + 486. Calculate h(44).
2
Let a(j) = 49*j - 531. Give a(11).
8
Let i(y) = y**3 - 5*y**2 - 6*y + 3. Determine i(6).
3
Let z(h) = -h**3 + 4*h - 4. Give z(1).
-1
Let t(b) = 3*b**2 + 53*b - 81. Give t(-19).
-5
Let t(m) = -6*m - 14. Determine t(-14).
70
Let r(y) = -2*y**2 + 10*y + 14. Calculate r(-2).
-14
Let l(t) = 6*t - 73. Calculate l(12).
-1
Let m(d) = 2*d**3 + 47*d**2 + 26*d + 62. Give m(-23).
-7
Let j(c) = -c**2 + 14*c + 2. Give j(5).
47
Let p(i) = -i**2 - i + 6. Calculate p(-3).
0
Let k(d) = 3*d - 29. Determine k(5).
-14
Let n(l) = l**2 - 20*l + 4. Calculate n(23).
73
Let f(u) = 9*u - 1. Give f(-4).
-37
Let r(w) = -4*w - 41. Determine r(-6).
-17
Let o(w) = 7*w + 172. What is o(-28)?
-24
Let b(v) = -v**3 - 11*v**2 + 14*v + 29. Determine b(-12).
5
Let y(v) = -2*v + 27. Give y(9).
9
Let g(p) = -4*p - 1. Calculate g(1).
-5
Let l(t) = t**2 - 32*t + 31. What is l(31)?
0
Let k(i) = -i**2 - 15*i + 12. Give k(0).
12
Let m(l) = l**2 + l + 3. Give m(-11).
113
Let w(n) = -4*n + 18. Give w(7).
-10
Let h(o) = 3*o**2 + 31*o - 16. What is h(-11)?
6
Let n(b) = 2*b**2 - 9*b - 19. What is n(8)?
37
Let w(j) = 10*j + 4. Calculate w(-3).
-26
Let m(c) = -c**3 + 27*c**2 - 32*c + 78. Give m(26).
-78
Let h(d) = -d + 47. What is h(16)?
31
Let z(q) = 5*q**2 + 16*q - 33. Determine z(2).
1